tors of k?
2, 3, 19
Let i(c) be the third derivative of 61*c**5/12 - c**4/6 - c**3/6 - 30*c**2. Let z be i(-1). Suppose 0 = 11*h - 1298 - z. What are the prime factors of h?
2, 73
Let q = 22 + -8. Suppose q*a + 904 = 22*a. What are the prime factors of a?
113
Let k(v) = v**2 + 17*v + 69. Let d be k(-11). Suppose 4*y - 1366 = -p, d*y - 6*y = 2*p - 1027. List the prime factors of y.
11, 31
Let m be 2/2 - (-48 - 4 - -3). Let y = 11 - 7. Suppose -c - m = -p, 35 = 2*p + y*c - 83. List the prime factors of p.
53
Let y be 1/((10/2)/(-5)). Let w be (1 + 2)*(0 - y). Suppose -2*v + 335 = w*v + 5*u, -3*u + 134 = 2*v. List the prime factors of v.
67
Let j = 152 + -152. Suppose m - y + 0*y - 877 = j, 5*y - 865 = -m. What are the prime factors of m?
5, 7
Suppose -231*k - 117*k + 229343 = -88729. What are the prime factors of k?
2, 457
What are the prime factors of -3 + (-13)/(-4) - (424305/(-12) + -3)?
2, 17681
Let r = 18 + -14. Let f be (-53170)/(-91) + r/(-14). Suppose -f = -5*c - 229. List the prime factors of c.
71
Let g be 9/3 + (-3 - (-3 + 4)). Let h be g/((-1)/((-8)/4)). What are the prime factors of (-962)/(-4) + -1 + h/4?
239
Let g = -24 + 23. Suppose t = 2*s - 313, -5*t = 5*s - 870 + 65. Let n = s + g. List the prime factors of n.
157
Let l = 40 + 31. Suppose 12 = 4*f, -5*z = -4*z + f - l. Suppose 2*o + 3*m = 8*m + z, 0 = -m - 2. What are the prime factors of o?
29
What are the prime factors of ((-2)/8*(-18 - -15))/(7/59808)?
2, 3, 89
Suppose -7*s + 2*s + 2445 = -5*w, s = -1. Let a = -275 - w. List the prime factors of a.
5, 43
Let v = -26792 - -39623. List the prime factors of v.
3, 7, 13, 47
Let q(a) = -a**3 + 11*a**2 + 2*a + 14. Let z be q(11). Let m = z - 33. List the prime factors of 302 + 3/m + 18/6.
2, 3, 17
Let w = 350 + -344. List the prime factors of w - (-2010)/(-3)*-1.
2, 13
Let p(g) be the first derivative of 121*g**2/2 + 22*g - 49. What are the prime factors of p(2)?
2, 3, 11
Let s = 12 + 34. Suppose 4*j + 4*a - 24 = 0, -15 + 45 = 5*j + 2*a. List the prime factors of 3*(s/j + -2).
17
Let p = 965 - 263. Let z = 1101 - p. What are the prime factors of z?
3, 7, 19
Let z = 342 - 37. Suppose 4*o - 2*k = 622, -3*o + o + 3*k = -z. Let g = -63 + o. What are the prime factors of g?
2, 47
Suppose 78 = -5*y + 7*y. Suppose 4*d = 5*d - y. List the prime factors of 4/(-1) + (d - (6 + -9)).
2, 19
Let j be (-6)/(-10)*5*4/6. Let m be 1/j + (-21)/(-6). Suppose -m*l + 71 = -181. What are the prime factors of l?
3, 7
Let t(j) = -591*j - 6. Suppose 4*s + 15 = 11. Let f be t(s). Suppose c + r = 160, -5*c - r + 199 = -f. List the prime factors of c.
2, 3, 13
Let m(u) = u**2 - 214*u + 41357. What are the prime factors of m(0)?
41357
Let n = -22508 - -56515. What are the prime factors of n?
31, 1097
Let p be 0 - -8*9/6. Let v be p - 16/(16/4). Suppose 4*d - v*d + 100 = 0. What are the prime factors of d?
5
Suppose -18*p - 3308877 + 533357 = -322*p. What are the prime factors of p?
2, 5, 11, 83
Let n(y) = 2*y**3 - 10*y**2 - y + 11. Let a be n(4). List the prime factors of a/(-20) + (-1 - (-4857)/12).
3, 5
Suppose 0 = 7*n + 118 - 300. Suppose 0 = -n*z + 29*z - 129. What are the prime factors of z?
43
Suppose 4*v + 2*o - 86628 = -20824, -5*v + o = -82276. List the prime factors of v.
2, 19, 433
Let j = 11585 + -6701. List the prime factors of j.
2, 3, 11, 37
Let s(a) = -6421*a - 115. List the prime factors of s(-2).
11, 13, 89
Let m be (2 + -1)/(6/(-72)*-4). Suppose -5*d + m = -4*h - 4*d, 5*h - 3*d + 9 = 0. Suppose 10*k + h*k = 1450. What are the prime factors of k?
5, 29
Let x = 1487 + -905. Let z(v) = -169*v - 14218. Let s be z(-82). Let w = s + x. List the prime factors of w.
2, 3, 37
Suppose -18*p = 17*p + 12*p - 23030. List the prime factors of p.
2, 5, 7
Suppose -659 + 8219 = 12*x. Let v = -107 + x. List the prime factors of v.
523
Let w(y) = 2*y - 2. Let x be w(13). Suppose -2*a - 6*a = 56. Let h = x + a. What are the prime factors of h?
17
Let r = 115748 - 82253. What are the prime factors of r?
3, 5, 7, 11, 29
Suppose 55619 + 120745 = 27*y. What are the prime factors of y?
2, 23, 71
Suppose -3*o - 18 = -8*o - 4*h, 4 = -o + 3*h. Suppose r - 319 = o*i, 957 = 3*r - 11*i + 6*i. What are the prime factors of r?
11, 29
Suppose -5*l - 6509 = -2*x + 40335, -30 = -5*l. What are the prime factors of x?
23, 1019
Suppose 3*u = -2*v - 24, 9 = -v - 2*v. Let b be 24*-4 + 18/u + 0. What are the prime factors of (b/6 - 0)/((-2)/4)?
3, 11
Let z = 206 - 174. Suppose 9*r + 12351 = z*r. List the prime factors of r.
3, 179
Let z(o) = o - 1. Let n(k) = -89*k + 1. Let d(g) = -2*n(g) - 4*z(g). Let f be d(1). Let i = -104 + f. List the prime factors of i.
2, 3
Let u = -2833 - -3346. List the prime factors of u.
3, 19
What are the prime factors of 87 + 9627 - (2 + -3)?
5, 29, 67
Let h(x) = 5*x - 41. Let o be (-7)/4*(-11)/((-66)/(-24)). Let v be h(o). Let r(j) = j**2 + j + 6. What are the prime factors of r(v)?
2, 3
Suppose -5*g - 40 = 3*l + 21, 5*l = 4*g - 114. Let m = l - -9. Let s = m - -30. List the prime factors of s.
17
Let t(h) = -h**3 + 9*h**2 - 6*h - 3. Let x be 4*(-1 - 28/(-16)). List the prime factors of t(x).
3, 11
Let l = 376 + -374. Suppose -3*s + 3*i = -1710, l*s - 563 = -3*i + 587. What are the prime factors of s?
2, 11, 13
Let d(v) = v**3 - 11*v**2 + 14*v - 11. Suppose -c = -4*c + 27. Let t be d(c). Let x = 71 + t. What are the prime factors of x?
2, 3
Let f(w) = 87*w - 45. Let u(l) = -65*l + 34. Let r(g) = -7*f(g) - 9*u(g). List the prime factors of r(-13).
3, 107
Let y(a) = 14*a**2 + 24*a - 77. List the prime factors of y(-24).
7411
Suppose 2*k - p - 3788 = 0, -6*p = -2*k + 535 + 3283. List the prime factors of k.
31, 61
Suppose -489 = -5*f - 2*r, -3*r = -f - 22 + 130. Let v = 1002 + -1064. Let z = v + f. List the prime factors of z.
37
List the prime factors of (-1350)/1485 - (-994002)/22.
45181
Suppose 0 = -4*b - 4*z + 19 + 13, 4*z - 27 = -3*b. What are the prime factors of 1348 + (-1)/b + (-21)/(-5)?
2, 13
Suppose i - 12 = -3*j, 4*i - 18 = j - 3*j. Suppose -2*h + h + j*r = -92, 92 = h - 4*r. What are the prime factors of h?
2, 23
Let x(z) = -z**3 - 8*z**2 + 8*z - 10. Let s be x(-9). Let h be 45 + 0/3 - s. Suppose 35*k - 34*k = h. List the prime factors of k.
2, 23
Suppose -5*f = 0, 37*f - 41*f + 14276 = 4*b. List the prime factors of b.
43, 83
Let n = -736 + 739. Suppose n*p - 2528 = -2*z, 4*z = -5*p + 3*z + 4218. List the prime factors of p.
2, 211
Let x = 130 - 104. Let b = x + 107. What are the prime factors of b?
7, 19
Let n(d) = 42*d**3 - 8*d**2 + 7*d - 26. Let h(a) = -42*a**3 + 6*a**2 - 8*a + 26. Let q(y) = -4*h(y) - 3*n(y). What are the prime factors of q(2)?
2, 83
Let l be -10*((-3)/2 - (-7 - -6)). Suppose -2*i - 1276 = 5*k, l*i - 835 = 4*k + 199. Let a = -174 - k. List the prime factors of a.
2, 41
Let g = 51953 - 18356. List the prime factors of g.
3, 3733
Let b = -13891 - -23467. What are the prime factors of b?
2, 3, 7, 19
Suppose 6*p + 2*g - 100548 = 0, 174*p = 169*p - 3*g + 83786. What are the prime factors of p?
16759
Suppose 4*r = 225 + 15. Suppose -4*s = -10*s + r. Let c = 7 + s. What are the prime factors of c?
17
Let d = -865 - -1829. What are the prime factors of d?
2, 241
Let x = -586 + 1666. Suppose 3*v + v - x = 0. List the prime factors of v.
2, 3, 5
Let k = 11449 + -7322. List the prime factors of k.
4127
Let w be (4/10 + 8/(-10))*-10. Suppose -2*s - w*a + 556 = -2*a, 1112 = 4*s + 5*a. List the prime factors of s.
2, 139
Let k = 24369 - 12558. What are the prime factors of k?
3, 31, 127
Let s be ((0 - 0) + 2)*688/8. Suppose -180*h + 5872 = -s*h. What are the prime factors of h?
2, 367
Let m(c) = 7*c**3 - 5*c**2 - 18*c + 49. Let j(o) = -20*o**3 + 14*o**2 + 54*o - 148. Let i(p) = -6*j(p) - 17*m(p). List the prime factors of i(6).
199
Let q(i) = -i**3 + 5*i**2 + i. Let r be q(6). Let d = r + 527. What are the prime factors of d?
7, 71
Suppose 5*c - 8209 = 4*i, -2*c - 3*i = -448 - 2831. Let v = c - 1125. List the prime factors of v.
2, 3, 43
Suppose -8*g = -6*g - 20. Let k be 3*(g/15 + -2). Let y(m) = 13*m**2 + 4*m + 7. List the prime factors of y(k).
199
Suppose -2*b = -4*m + 8, 5*m + b = -2*b + 10. Suppose -m*y = -7*y + 2100. What are the prime factors of y?
2, 3, 5, 7
Let c(d) = d**2 + 4*d + 3. Let g be c(-3). Let a be (27/(-6) +